{"id":262,"date":"2022-05-17T13:41:57","date_gmt":"2022-05-17T13:41:57","guid":{"rendered":"https:\/\/blog.yoopies.ch\/emploi-agent-entretien-menage\/"},"modified":"2025-06-12T08:47:14","modified_gmt":"2025-06-12T08:47:14","slug":"emploi-agent-entretien-menage","status":"publish","type":"page","link":"https:\/\/yoopies.ch\/c\/emploi-agent-entretien-menage\/","title":{"rendered":"L&#8217;emploi d&rsquo;agent d&rsquo;entretien"},"content":{"rendered":"<figure><img decoding=\"async\" src=\"https:\/\/yoopies.ch\/c\/wp-content\/uploads\/sites\/10\/2022\/05\/f0a980f7-c5d4-4e88-b769-b27ab72bb4a9-e7cb4cf2b9067be81b390cb2f2335123d556f210-bigstock-mother-feeding-baby-first-soli-1194709222822928129.jpg\" \/><\/figure>\n<p><p>Le m&eacute;tier d&rsquo;agent d&rsquo;entretien &eacute;volue lentement dans l&rsquo;opinion publique, prenant de nouvelles tonalit&eacute;s et passant d&rsquo;une profession souvent sous-&eacute;valu&eacute;e &agrave; une profession tr&egrave;s exigeante. Jusqu&rsquo;&agrave; pr&eacute;sent, les emplois de m&eacute;nage &eacute;taient consid&eacute;r&eacute;s comme une activit&eacute; suppl&eacute;mentaire, saisonni&egrave;re et sans perspectives, et la personne qui les exer&ccedil;ait &eacute;tait consid&eacute;r&eacute;e comme une aide pour balayer et &eacute;pousseter. Il en allait de m&ecirc;me pour les domestiques.<\/p>\n<p>Aujourd&rsquo;hui, la tendance &agrave; la compr&eacute;hension de la profession a commenc&eacute; &agrave; changer, le nettoyage n&rsquo;est pas un m&eacute;tier pour les personnes sans ambition. De plus en plus d&rsquo;entreprises sont cr&eacute;&eacute;es pour fournir des services modernes, en utilisant de meilleurs &eacute;quipements et produits. Les entreprises unipersonnelles sont courantes. L&rsquo;agent d&rsquo;entretien n&rsquo;est donc plus un travail occasionnel, car il est possible de travailler en moyenne 8 heures par jour, l&rsquo;apr&egrave;s-midi ou le soir, en g&eacute;n&eacute;ral.<\/p>\n<p>&nbsp;<\/p>\n<p>De nombreuses personnes qui se lancent dans le nettoyage ou l&rsquo;entretien m&eacute;nager sont confront&eacute;es &agrave; un premier probl&egrave;me : trouver des clients. Sur le march&eacute; d&rsquo;aujourd&rsquo;hui, il existe de nombreuses entreprises et personnes qui fournissent des services d&rsquo;aide m&eacute;nag&egrave;re et de nettoyage, de sorte que les offres d&#8217;emploi se succ&egrave;dent en un clin d&rsquo;&oelig;il. Les personnes qui n&rsquo;ont pas de r&eacute;f&eacute;rences d&#8217;employeurs et qui n&rsquo;ont pas encore travaill&eacute; dans la profession doivent &ecirc;tre patientes ou travailler sur leur image, sur ce qu&rsquo;elles annoncent et sur les services qu&rsquo;elles fournissent.<\/p>\n<\/p>\n<p>De nos jours, l&rsquo;endroit le plus rapide pour trouver un emploi est l&rsquo;Internet. Vous &ecirc;tes &agrave; la recherche d&rsquo;un emploi de m&eacute;nage? Sur Yoopies, en tant qu&rsquo;aide m&eacute;nag&egrave;re ou femme de m&eacute;nage, vous pouvez cr&eacute;er une annonce dans laquelle vous incluez toutes les informations n&eacute;cessaires &agrave; un employeur potentiel, et vous pouvez &eacute;galement contacter les employeurs dont les offres vous semblent int&eacute;ressantes.<\/p>\n<p><strong>&nbsp;<\/strong><\/p>\n<\/p>\n<p><p><strong>Quels sont les services fournis par l&rsquo;aide m&eacute;nag&egrave;re ?<\/strong><\/p>\n<p><strong>&nbsp;<\/strong><\/p>\n<p>La gamme de services varie en fonction de ce que vous voulez faire et des produits et outils dont vous disposez. L&rsquo;offre peut concerner le nettoyage d&rsquo;appartements, de bureaux, de salles de classe et d&rsquo;h&ocirc;pitaux. Les entreprises qui fournissent des services professionnels mentionnent g&eacute;n&eacute;ralement dans l&rsquo;&eacute;tendue de leurs services : le nettoyage des espaces apr&egrave;s r&eacute;novation et l&rsquo;entretien des espaces verts. Les t&acirc;ches des nettoyeurs, quant &agrave; elles, comprennent principalement le nettoyage des vitres, des toilettes, des plans de travail de la cuisine, l&rsquo;aspiration, le polissage des sols, le changement des draps ou des rideaux, le repassage.<\/p>\n<p>&nbsp;<\/p>\n<p>Vous n&rsquo;avez pas besoin d&rsquo;un dipl&ocirc;me ou de nombreuses ann&eacute;es d&rsquo;exp&eacute;rience pour devenir nettoyeur. Ce qui compte pour l&#8217;employeur, c&rsquo;est la fiabilit&eacute; et l&rsquo;honn&ecirc;tet&eacute;. Si vous disposez des produits et &eacute;quipements de nettoyage appropri&eacute;s, il est important de le mentionner dans votre offre d&#8217;emploi pour attirer l&rsquo;attention de l&#8217;employeur.<\/p>\n<p>La forme physique et la volont&eacute; de travailler sont extr&ecirc;mement importantes dans la profession de nettoyeur. N&rsquo;oubliez pas cela avant de commencer &agrave; travailler. Beaucoup de gens ne se rendent pas compte de la p&eacute;nibilit&eacute; de ce travail. Le nettoyage d&rsquo;un bureau ou d&rsquo;une maison repr&eacute;sente beaucoup de travail et implique g&eacute;n&eacute;ralement une forte pression temporelle.<\/p>\n<\/p>\n<p><a class=\"button\" href=\"https:\/\/yoopies.ch\/menage\">Trouvez un emploi d&rsquo;agent d&rsquo;entretien !<\/a><\/p>\n","protected":false},"excerpt":{"rendered":"<p>Le m&eacute;tier d&rsquo;agent d&rsquo;entretien &eacute;volue lentement dans l&rsquo;opinion publique, prenant de nouvelles tonalit&eacute;s et passant &hellip; <\/p>\n","protected":false},"author":10,"featured_media":0,"parent":0,"menu_order":0,"comment_status":"closed","ping_status":"closed","template":"","meta":{"_acf_changed":false,"footnotes":""},"class_list":["post-262","page","type-page","status-publish","hentry"],"acf":[],"yoast_head":"<!-- This site is optimized with the Yoast SEO plugin v26.9 - https:\/\/yoast.com\/product\/yoast-seo-wordpress\/ -->\n<title>Comment et o\u00f9 chercher un emploi d&#039;agent d&#039;entretien ?<\/title>\n<meta name=\"description\" content=\"Emplois de femme de m\u00e9nage, emplois d&#039;agent d&#039;entretien. Femme de m\u00e9nage \u00e0 la recherche d&#039;un emploi, o\u00f9 trouver un emploi.\" \/>\n<meta name=\"robots\" content=\"index, follow, max-snippet:-1, max-image-preview:large, max-video-preview:-1\" \/>\n<link rel=\"canonical\" href=\"https:\/\/yoopies.ch\/c\/emploi-agent-entretien-menage\/\" \/>\n<meta property=\"og:locale\" content=\"fr_FR\" \/>\n<meta property=\"og:type\" content=\"article\" \/>\n<meta property=\"og:title\" content=\"Comment et o\u00f9 chercher un emploi d&#039;agent d&#039;entretien ?\" \/>\n<meta property=\"og:description\" content=\"Emplois de femme de m\u00e9nage, emplois d&#039;agent d&#039;entretien. Femme de m\u00e9nage \u00e0 la recherche d&#039;un emploi, o\u00f9 trouver un emploi.\" \/>\n<meta property=\"og:url\" content=\"https:\/\/yoopies.ch\/c\/emploi-agent-entretien-menage\/\" \/>\n<meta property=\"og:site_name\" content=\"Le Blog Yoopies Suisse\" \/>\n<meta property=\"article:modified_time\" content=\"2025-06-12T08:47:14+00:00\" \/>\n<meta property=\"og:image\" content=\"https:\/\/yoopies.ch\/c\/wp-content\/uploads\/sites\/10\/2022\/05\/f0a980f7-c5d4-4e88-b769-b27ab72bb4a9-e7cb4cf2b9067be81b390cb2f2335123d556f210-bigstock-mother-feeding-baby-first-soli-1194709222822928129.jpg\" \/>\n<meta name=\"twitter:card\" content=\"summary_large_image\" \/>\n<meta name=\"twitter:label1\" content=\"Dur\u00e9e de lecture estim\u00e9e\" \/>\n\t<meta name=\"twitter:data1\" content=\"3 minutes\" \/>\n<script type=\"application\/ld+json\" class=\"yoast-schema-graph\">{\"@context\":\"https:\/\/schema.org\",\"@graph\":[{\"@type\":\"WebPage\",\"@id\":\"https:\/\/yoopies.ch\/c\/emploi-agent-entretien-menage\/\",\"url\":\"https:\/\/yoopies.ch\/c\/emploi-agent-entretien-menage\/\",\"name\":\"Comment et o\u00f9 chercher un emploi d'agent d'entretien ?\",\"isPartOf\":{\"@id\":\"https:\/\/yoopies.ch\/c\/#website\"},\"primaryImageOfPage\":{\"@id\":\"https:\/\/yoopies.ch\/c\/emploi-agent-entretien-menage\/#primaryimage\"},\"image\":{\"@id\":\"https:\/\/yoopies.ch\/c\/emploi-agent-entretien-menage\/#primaryimage\"},\"thumbnailUrl\":\"https:\/\/yoopies.ch\/c\/wp-content\/uploads\/sites\/10\/2022\/05\/f0a980f7-c5d4-4e88-b769-b27ab72bb4a9-e7cb4cf2b9067be81b390cb2f2335123d556f210-bigstock-mother-feeding-baby-first-soli-1194709222822928129.jpg\",\"datePublished\":\"2022-05-17T13:41:57+00:00\",\"dateModified\":\"2025-06-12T08:47:14+00:00\",\"description\":\"Emplois de femme de m\u00e9nage, emplois d'agent d'entretien. Femme de m\u00e9nage \u00e0 la recherche d'un emploi, o\u00f9 trouver un emploi.\",\"breadcrumb\":{\"@id\":\"https:\/\/yoopies.ch\/c\/emploi-agent-entretien-menage\/#breadcrumb\"},\"inLanguage\":\"fr-FR\",\"potentialAction\":[{\"@type\":\"ReadAction\",\"target\":[\"https:\/\/yoopies.ch\/c\/emploi-agent-entretien-menage\/\"]}]},{\"@type\":\"ImageObject\",\"inLanguage\":\"fr-FR\",\"@id\":\"https:\/\/yoopies.ch\/c\/emploi-agent-entretien-menage\/#primaryimage\",\"url\":\"https:\/\/yoopies.ch\/c\/wp-content\/uploads\/sites\/10\/2022\/05\/f0a980f7-c5d4-4e88-b769-b27ab72bb4a9-e7cb4cf2b9067be81b390cb2f2335123d556f210-bigstock-mother-feeding-baby-first-soli-1194709222822928129.jpg\",\"contentUrl\":\"https:\/\/yoopies.ch\/c\/wp-content\/uploads\/sites\/10\/2022\/05\/f0a980f7-c5d4-4e88-b769-b27ab72bb4a9-e7cb4cf2b9067be81b390cb2f2335123d556f210-bigstock-mother-feeding-baby-first-soli-1194709222822928129.jpg\",\"width\":1200,\"height\":800},{\"@type\":\"BreadcrumbList\",\"@id\":\"https:\/\/yoopies.ch\/c\/emploi-agent-entretien-menage\/#breadcrumb\",\"itemListElement\":[{\"@type\":\"ListItem\",\"position\":1,\"name\":\"Home\",\"item\":\"https:\/\/yoopies.ch\/c\/\"},{\"@type\":\"ListItem\",\"position\":2,\"name\":\"L&#8217;emploi d&rsquo;agent d&rsquo;entretien\"}]},{\"@type\":\"WebSite\",\"@id\":\"https:\/\/yoopies.ch\/c\/#website\",\"url\":\"https:\/\/yoopies.ch\/c\/\",\"name\":\"Le Blog Yoopies Suisse\",\"description\":\"\",\"potentialAction\":[{\"@type\":\"SearchAction\",\"target\":{\"@type\":\"EntryPoint\",\"urlTemplate\":\"https:\/\/yoopies.ch\/c\/?s={search_term_string}\"},\"query-input\":{\"@type\":\"PropertyValueSpecification\",\"valueRequired\":true,\"valueName\":\"search_term_string\"}}],\"inLanguage\":\"fr-FR\"}]}<\/script>\n<!-- \/ Yoast SEO plugin. -->","yoast_head_json":{"title":"Comment et o\u00f9 chercher un emploi d'agent d'entretien ?","description":"Emplois de femme de m\u00e9nage, emplois d'agent d'entretien. Femme de m\u00e9nage \u00e0 la recherche d'un emploi, o\u00f9 trouver un emploi.","robots":{"index":"index","follow":"follow","max-snippet":"max-snippet:-1","max-image-preview":"max-image-preview:large","max-video-preview":"max-video-preview:-1"},"canonical":"https:\/\/yoopies.ch\/c\/emploi-agent-entretien-menage\/","og_locale":"fr_FR","og_type":"article","og_title":"Comment et o\u00f9 chercher un emploi d'agent d'entretien ?","og_description":"Emplois de femme de m\u00e9nage, emplois d'agent d'entretien. Femme de m\u00e9nage \u00e0 la recherche d'un emploi, o\u00f9 trouver un emploi.","og_url":"https:\/\/yoopies.ch\/c\/emploi-agent-entretien-menage\/","og_site_name":"Le Blog Yoopies Suisse","article_modified_time":"2025-06-12T08:47:14+00:00","og_image":[{"url":"https:\/\/yoopies.ch\/c\/wp-content\/uploads\/sites\/10\/2022\/05\/f0a980f7-c5d4-4e88-b769-b27ab72bb4a9-e7cb4cf2b9067be81b390cb2f2335123d556f210-bigstock-mother-feeding-baby-first-soli-1194709222822928129.jpg","type":"","width":"","height":""}],"twitter_card":"summary_large_image","twitter_misc":{"Dur\u00e9e de lecture estim\u00e9e":"3 minutes"},"schema":{"@context":"https:\/\/schema.org","@graph":[{"@type":"WebPage","@id":"https:\/\/yoopies.ch\/c\/emploi-agent-entretien-menage\/","url":"https:\/\/yoopies.ch\/c\/emploi-agent-entretien-menage\/","name":"Comment et o\u00f9 chercher un emploi d'agent d'entretien ?","isPartOf":{"@id":"https:\/\/yoopies.ch\/c\/#website"},"primaryImageOfPage":{"@id":"https:\/\/yoopies.ch\/c\/emploi-agent-entretien-menage\/#primaryimage"},"image":{"@id":"https:\/\/yoopies.ch\/c\/emploi-agent-entretien-menage\/#primaryimage"},"thumbnailUrl":"https:\/\/yoopies.ch\/c\/wp-content\/uploads\/sites\/10\/2022\/05\/f0a980f7-c5d4-4e88-b769-b27ab72bb4a9-e7cb4cf2b9067be81b390cb2f2335123d556f210-bigstock-mother-feeding-baby-first-soli-1194709222822928129.jpg","datePublished":"2022-05-17T13:41:57+00:00","dateModified":"2025-06-12T08:47:14+00:00","description":"Emplois de femme de m\u00e9nage, emplois d'agent d'entretien. Femme de m\u00e9nage \u00e0 la recherche d'un emploi, o\u00f9 trouver un emploi.","breadcrumb":{"@id":"https:\/\/yoopies.ch\/c\/emploi-agent-entretien-menage\/#breadcrumb"},"inLanguage":"fr-FR","potentialAction":[{"@type":"ReadAction","target":["https:\/\/yoopies.ch\/c\/emploi-agent-entretien-menage\/"]}]},{"@type":"ImageObject","inLanguage":"fr-FR","@id":"https:\/\/yoopies.ch\/c\/emploi-agent-entretien-menage\/#primaryimage","url":"https:\/\/yoopies.ch\/c\/wp-content\/uploads\/sites\/10\/2022\/05\/f0a980f7-c5d4-4e88-b769-b27ab72bb4a9-e7cb4cf2b9067be81b390cb2f2335123d556f210-bigstock-mother-feeding-baby-first-soli-1194709222822928129.jpg","contentUrl":"https:\/\/yoopies.ch\/c\/wp-content\/uploads\/sites\/10\/2022\/05\/f0a980f7-c5d4-4e88-b769-b27ab72bb4a9-e7cb4cf2b9067be81b390cb2f2335123d556f210-bigstock-mother-feeding-baby-first-soli-1194709222822928129.jpg","width":1200,"height":800},{"@type":"BreadcrumbList","@id":"https:\/\/yoopies.ch\/c\/emploi-agent-entretien-menage\/#breadcrumb","itemListElement":[{"@type":"ListItem","position":1,"name":"Home","item":"https:\/\/yoopies.ch\/c\/"},{"@type":"ListItem","position":2,"name":"L&#8217;emploi d&rsquo;agent d&rsquo;entretien"}]},{"@type":"WebSite","@id":"https:\/\/yoopies.ch\/c\/#website","url":"https:\/\/yoopies.ch\/c\/","name":"Le Blog Yoopies Suisse","description":"","potentialAction":[{"@type":"SearchAction","target":{"@type":"EntryPoint","urlTemplate":"https:\/\/yoopies.ch\/c\/?s={search_term_string}"},"query-input":{"@type":"PropertyValueSpecification","valueRequired":true,"valueName":"search_term_string"}}],"inLanguage":"fr-FR"}]}},"_links":{"self":[{"href":"https:\/\/yoopies.ch\/c\/wp-json\/wp\/v2\/pages\/262","targetHints":{"allow":["GET"]}}],"collection":[{"href":"https:\/\/yoopies.ch\/c\/wp-json\/wp\/v2\/pages"}],"about":[{"href":"https:\/\/yoopies.ch\/c\/wp-json\/wp\/v2\/types\/page"}],"author":[{"embeddable":true,"href":"https:\/\/yoopies.ch\/c\/wp-json\/wp\/v2\/users\/10"}],"replies":[{"embeddable":true,"href":"https:\/\/yoopies.ch\/c\/wp-json\/wp\/v2\/comments?post=262"}],"version-history":[{"count":1,"href":"https:\/\/yoopies.ch\/c\/wp-json\/wp\/v2\/pages\/262\/revisions"}],"predecessor-version":[{"id":264,"href":"https:\/\/yoopies.ch\/c\/wp-json\/wp\/v2\/pages\/262\/revisions\/264"}],"wp:attachment":[{"href":"https:\/\/yoopies.ch\/c\/wp-json\/wp\/v2\/media?parent=262"}],"curies":[{"name":"wp","href":"https:\/\/api.w.org\/{rel}","templated":true}]}}